 l(n) be the first derivative of n**2/2 - n + 145. What is l(3)?
2
Let u(v) be the first derivative of -9 + 7/2*v**2 + 0*v - 1/2*v**3 + 1/12*v**4. Let x(z) be the second derivative of u(z). Determine x(2).
1
Let k(s) be the second derivative of s**4 + s**3/6 + 3*s. Let t be 4/(-6) - (-200)/(-6). Let m = 33 + t. Give k(m).
11
Let y(k) = -35*k + 11*k - 10 + 13*k + 10*k. Calculate y(14).
-24
Let y(n) = 2*n**3 + 13*n**2 - 9*n - 10. Suppose -w - 2*o = 13, -8*o = -10*o - 6. What is y(w)?
4
Suppose 4*g = -a - 5 - 0, 0 = -2*g + a - 1. Let p be -1*(0 + -3 - g). Let c(i) = 339*i + 4 - 3 - 171*i - 172*i. Calculate c(p).
-7
Let o = 287 + -283. Let m(l) = l + 2. Give m(o).
6
Let o(i) be the third derivative of i**6/120 - 11*i**5/60 - i**4/2 - i**3/6 + 83*i**2 - 1. What is o(12)?
-1
Let d(u) = -u**3 + 18*u**2 + 39*u + 14. Let w be d(20). Let p(m) = -m**3 - 3*m**2 + 9*m + 8. Give p(w).
62
Let m(a) = 8*a - 4*a + 9*a + 4*a. Let p(g) = 26*g. Let o(k) = 8*m(k) - 5*p(k). What is o(1)?
6
Suppose -r + 14 = 4*j, 3*r + 7 = 3*j + 2*r. Suppose -3 = j*k - 4*k. Let a(y) = y**3 - 2*y**2 - 3*y + 2. What is a(k)?
2
Suppose -2*b = -4*h + 4, 3*h - 11 = 4*b - 8. Suppose -v + 4 + 1 = 0. Let z(u) = v*u + u**2 - 2*u - 2*u + 0*u**2. What is z(h)?
2
Let c(n) = -n**3 - n**2 + 4*n + 3. Let d = -124 + 121. Determine c(d).
9
Let b(g) = -g**2 + 8*g - 9. Let r be (17/2)/((-22)/(-44)). Suppose -5*m = -13 - r. Calculate b(m).
3
Let a(j) = j**2 + 2*j + 4. Suppose 7*k - 22 = -22. Give a(k).
4
Suppose -4*k - 16 = 4, 4*m + 10 = 2*k. Let x(t) be the second derivative of -t**3/3 - t**2 + 4*t. Determine x(m).
8
Let b(n) = -2*n**3 - 4*n**2 - 4*n - 4. Let r be -1*(-3)/(-6)*4. What is b(r)?
4
Suppose -4*s = -5*k + 2 + 10, 4*k + 12 = -4*s. Let j be (s - -4) + -2 + 4. Let h(u) = -4*u + 4. Calculate h(j).
-8
Let q(d) be the first derivative of -2*d**3/3 - 7*d**2/2 - 6*d - 5. Let c = 3 + -7. Let v = 0 + c. What is q(v)?
-10
Suppose 6 = 6*g - 4*g. Suppose 0 = -5*m + w - 30 - g, 0 = -4*m + w - 27. Let j(o) = -o**2 - 4*o - 6. What is j(m)?
-18
Let j(a) be the first derivative of -a**2 - 5*a - 285. Let d be 6*1*(-1)/(-3). Suppose 25 = -4*g - 5*r, -3*r = 3*g + d*g + 28. What is j(g)?
5
Let d(y) = -y**3 - 3*y**2 + 19*y + 11. Let c be d(-6). Let u be 18/4*(-4)/3. Let z = u + c. Let b(q) = 5*q. What is b(z)?
-5
Let u be ((-2)/(-4))/(1/10). Let w(i) = i**2 + 3. Let p(o) = -3*o - 4. Let j(r) = -p(r) - w(r). What is j(u)?
-9
Let j(v) be the third derivative of -v**6/120 + v**5/10 - v**4/12 + 3*v**3/2 - 2*v**2 + 220. Let h(n) = n**3 - 2*n + 2. Let o be h(2). What is j(o)?
-3
Let c(n) be the second derivative of -1/2*n**4 + 0 + 1/3*n**3 - 5/2*n**2 + 26*n + 1/20*n**5. Determine c(6).
7
Let v(t) = t**3 + 7*t**2 + 2*t + 14. Let k be v(-7). Let i = 8 + k. Let w(j) = j**3 - 8*j**2 - 2. What is w(i)?
-2
Let d(k) = 2*k + 17. Let l(u) = 7*u - 44. Let s be l(5). Determine d(s).
-1
Let k(f) = f**2 + 7*f - 9. Let g(c) = c**3 - 19*c**2 + 2*c - 45. Let x be g(19). Give k(x).
-9
Let k(s) be the second derivative of -s**3/2 - 4*s**2 - 137*s. Calculate k(-5).
7
Let z = -922 + 929. Let v(a) = a**3 - 7*a**2 + 10. Determine v(z).
10
Let j(u) = -3*u**3 + 15*u**2 - 30*u - 22. Let y(v) = -5*v**3 + 22*v**2 - 46*v - 34. Let t(b) = -8*j(b) + 5*y(b). Give t(-11).
17
Let a(v) = 19*v + 88. Let c be a(-5). Let t(b) = b**3 + 8*b**2 + 9*b - 3. What is t(c)?
-17
Let v(m) = -62*m - 19. Let w(r) = 34*r + 10. Let n(h) = -6*v(h) - 11*w(h). Determine n(-3).
10
Let n(t) = 5*t + 1. Let b be (-26)/(-7) - 10/(-35). Suppose l + 2*j - 12 = -0*j, b*j - 20 = 0. Suppose 0 = -4*f + 8, -l*a + 3 = a + 3*f. Determine n(a).
-4
Let l(d) = -4*d**2 + 2*d - 392*d**3 - 3*d**2 + 0*d + 393*d**3. Calculate l(7).
14
Suppose -2*b + 24 = -2*n, 0*b - 16 = 2*n + 2*b. Let r(m) = -2*m - 15. Determine r(n).
5
Let r = 6 - 5. Let k(m) be the first derivative of -m**3 - 2*m**2 + 3*m**2 + 2*m - 2*m**2 + r. Determine k(-2).
-6
Suppose 4*t = 3*m - 25, 0 = -4*t + 2*t + 4. Let n(y) = -y**2 + 12*y - 16. Calculate n(m).
-5
Let a(w) = w**3 + 7*w**2 + 9*w - 5. Let c be a(-4). Let q(s) = -6*s**3 + 5*s**3 - 9 - c + 19 - 4*s**2 + 2*s. Determine q(-4).
-5
Suppose 6*b - 49 = 527. Let n = b - 89. Let r(m) = -m + 6. Calculate r(n).
-1
Let r(f) = f**3 + 16*f**2 + 12. Let m(u) = 52*u + 140. Let h be m(-3). What is r(h)?
12
Let b = 1670 - 1670. Let k(r) = r**3 - r**2 + r - 16. Calculate k(b).
-16
Suppose -3*b = 37 - 52. Suppose 56*p - b = 51*p. Let t(y) = 3*y**2 - y - 5*y**3 + 2*y**3 - y**2. Calculate t(p).
-2
Let k(t) = 5 - t**2 - 3 - 1 + 3*t. Suppose 1080 = 18*d + 3*d + 195*d. Give k(d).
-9
Let f(o) = 10 + 3 - o + 2*o + o + 3*o. What is f(-3)?
-2
Let f(p) = -p**2 - p + 2. Let g(h) = h**2 + 2*h - 3. Let q be g(1). Give f(q).
2
Let m = 156 - 142. Let y(i) = 32 - 15 - m - 2*i. Determine y(4).
-5
Let y(d) = -d**3 + 2*d**2 + 2*d - 2. Let t(l) = -4*l**2 - 24*l + 1. Let k be t(-6). Give y(k).
1
Suppose -46 = 74*w + 176. Let n(k) = -k**3 - 3*k**2 + k - 3. Calculate n(w).
-6
Let b(d) = 7*d**3 - 17*d**2 + 10*d + 2. Let q(c) = 11*c**3 - 26*c**2 + 15*c + 2. Let k(r) = -8*b(r) + 5*q(r). Determine k(5).
-6
Let s(n) = n**3 - n + 1. Suppose -t - 9 = -21. Let f be 6/5*(-30)/t + 5. Give s(f).
7
Let j(z) be the second derivative of -z**5/20 - 3*z**4/4 - 11*z**3/6 - z**2 - 169*z + 2. What is j(-8)?
22
Let o(m) = m**3 - 11*m**2 - 26*m + 5. Suppose 0 = -51*c + 12*c + 507. What is o(c)?
5
Let q be (26/(-6) - 1)/((-3)/(-9)). Suppose -3*u + 15 = -a - 54, 0 = 5*a + 15. Let z = u + q. Let s(f) = -f + 6. Determine s(z).
0
Suppose v + 4*g = -20, 3*v - 4*g = -20 - 24. Let i = 21 + v. Let m(k) = 2*k**2 + i*k**2 - 6*k**2 - 2*k + 3. Calculate m(2).
3
Let i(x) = x**2 + 4*x + 3. Let a(v) = -69*v**2 - 4 + 0*v + 68*v**2 - 3*v. Let y(l) = 4*a(l) + 5*i(l). Calculate y(-8).
-1
Let a(s) = -20*s**2 + 4 + 29*s + 84*s**3 - 8*s - 85*s**3. What is a(-21)?
4
Let c = -419 - -413. Let u(t) = -2*t**2 - 12*t + 3. What is u(c)?
3
Suppose -2*s = 1 - 9. Suppose 2*f - 2 = -s. Let u(y) = -10*y**2 - 2*y - 1. Give u(f).
-9
Let s(v) = -4*v**3 - 9*v**2 + v + 3. Let d(o) = -5*o**3 - 10*o**2 + o + 4. Let g(i) = 5*d(i) - 6*s(i). Let x = -1 + 4. Determine g(x).
8
Suppose 15 = 5*c - 5*v, 9 = 10*c - 11*c - 3*v. Let b(t) be the third derivative of -t**4/24 + 5*t**3/3 - t**2. Determine b(c).
10
Suppose -z - 5*p = 22, 0*z + 5*p = -2*z - 19. Let t(y) = 3*y - y - 2*y**z + 4 - 3*y - 4*y**2. Give t(-3).
25
Let y(n) = -17*n**3 + n**2 + 13*n + 1. Let r(q) = -5*q**3 + 4*q. Let b(v) = 10*r(v) - 3*y(v). Give b(2).
-5
Suppose -3*l = q + 17, -19*l + 17*l + 34 = -5*q. Let i(x) = -9 + 0 + 3*x**2 + 2*x**2 - 6*x**2 - 9*x. Determine i(q).
-1
Let i(h) = -h. Let s(r) = -3*r + 5*r + 1 + 3*r. Let j(a) = -3*i(a) + s(a). Suppose -l - 2 = -1. Determine j(l).
-7
Let a(k) = 7*k**2 - 5*k - 25. Let q(o) = o**2 - o - 4. Let f(m) = -a(m) + 6*q(m). What is f(2)?
-5
Let h(x) = 7*x - 20. Let g(m) = -m**2 - 8*m - 9. Let i be g(-6). Give h(i).
1
Let v(i) = 2*i**3 + 11*i**2 - i - 1. Let c(u) = u**3 + 10*u**2. Let d(z) = -4*c(z) + 3*v(z). Let k be d(4). Let h(r) = -2*r**3 - r**2 + 2*r - 1. What is h(k)?
-2
Let q(w) = 6*w - 12. Let g(c) = -8*c + 19. Let x(v) = 4*g(v) + 6*q(v). What is x(3)?
16
Suppose 4*x - 33 = 59. Let p(k) = -k**3 - 1 - 3 - x*k**2 + 18*k**2 - 2*k. Give p(-3).
-16
Let g(f) = -3*f**3 + f**2 - 2*f + 1. Suppose 2 = -2*w - s, 10 = 6*w - 4*w - 2*s. Determine g(w).
-3
Let x(s) = 10*s**2 - 10*s + 7. Let v(p) = -17*p**2 + 19*p - 14. Let g(h) = 3*v(h) + 5*x(h). Give g(6).
-1
Suppose -26*q + 5*q = -63. Let j(f) be the third derivative of -1/120*f**6 + 10*f**2 - 1/6*f**q + 1/4*f**4 + 0*f - 1/15*f**5 + 0. Calculate j(-5).
-6
Let d(z) = 5*z**2 - 5*z + 2. Suppose w - 5 = -3*o - 4*w, 0 = 3*o - 5*w - 25. Let c(k) = -9*k**2 + 10*k - 5. Let v(r) = o*d(r) + 3*c(r). What is v(4)?
-17
Let g(d) be the third derivative of d**6/120 - d**5/10 + d**4/8 - d**3/6 - 90*d**2. Calculate g(6).
17
Let d(a) = a - 1. Suppose 11 + 7 = -3*m. Let g be 1/m + 104/48. Give d(g).
1
Let c(y) be the third derivative of -y**8/6720 + y**7/630 - y**6/240 - y**5/30 - 37*y**4/24 + 21*y**2. Let h(u) be the second derivative of c(u). What is h(4)?
-16
Let r(s) = s**2 - 3*s - 31. Let t(k) = k**2 - 2*k - 31. Let h(q) = -3*r(q) + 4*t(q). What is h(0)?
-31
Let u(m) = -m**2 - 19*m - 19. Let y be u(-13). Let r = -114 + y. Let k be 2/5 + 3